 What are the prime factors of g(24)?
2, 19
Suppose 2*y = -3*u + 43, -4*y + u + 101 = 2*u. Suppose y*s - 23*s - 213 = 0. What are the prime factors of s?
71
Let k(r) = -r**3 + 6*r**2 + 9*r - 12. Let v be k(7). Suppose -55 = v*z - 215. What are the prime factors of z?
2, 5
Let a be 9/(-6)*16/(-6). Let v be -1*a*9/(-12). Suppose -64 = -v*j - j. List the prime factors of j.
2
Suppose -14*t = -2*t - 7512. List the prime factors of t.
2, 313
Let j(f) = -18*f + 1079. List the prime factors of j(-68).
7, 47
Let s = -8 + -9. Let w = s - -90. Let q = w + -46. List the prime factors of q.
3
Let b = 48 + 13. Let x = -11 + b. Suppose -4*p - 2*q + x + 0 = 0, p - 5*q - 18 = 0. What are the prime factors of p?
13
Let l(w) = -w**3 - 21*w**2 + 226*w + 27. List the prime factors of l(-31).
3, 877
Let r be 1/6*(-4 + 10). What are the prime factors of (r + -272)*(-1 + 0 - 0)?
271
Let k = 915 + 53. What are the prime factors of k?
2, 11
Let j(q) = -13*q**3 + 5*q**2 + 4*q + 5. List the prime factors of j(-5).
5, 347
Let j(k) = 5 - 5 - 11*k**2 + 4*k**3 + 17 + 3*k. What are the prime factors of j(5)?
257
Let j(h) = -4*h**2 - 3*h - 5. Let x be j(-3). Let i = 37 + x. Suppose -i*a = -82 - 173. What are the prime factors of a?
3, 17
Suppose -4*w - w = -a - 1292, 5*w + 5218 = -4*a. List the prime factors of 3/(-9) - a/18.
2, 3
Suppose 0 = -4*v + 10 + 2. Let c be (0 + 2 - 2)/(-8 + 5). Suppose c = v*l + 2*l - 215. List the prime factors of l.
43
Suppose 5 = p, -5*u + 2827 = -2*p - 553. What are the prime factors of u?
2, 3, 113
Suppose r = -4*t - r + 7240, -4*r - 1801 = -t. List the prime factors of t.
3, 67
Let z(g) = 4*g**3 + 15 + 3*g - 5 - 3*g**2 - g**2 - 12. List the prime factors of z(3).
79
Let m(x) be the second derivative of x**3/6 + 3*x**2 + 6*x. Let p be m(-11). List the prime factors of (p - -4)*69/(-3).
23
Let r(y) = y + 44 + 10 - 7. What are the prime factors of r(-23)?
2, 3
List the prime factors of 15/10 - (-2)/(8/15542).
13, 23
Suppose 4*w - 2*u = 24, u + 3*u + 12 = -w. Suppose 5*x - s = -20, -w*x + 5*s - 34 = -x. What are the prime factors of 8*(3 + (-3)/x)?
2
Let r be 5 + -15 + (1 - 1). Let s(j) = -7*j + 20. List the prime factors of s(r).
2, 3, 5
Let l(b) = b**2 + 8*b - 2. Let a(c) = -3*c**2 - 2*c - 5. Let f(q) = -2*q**3 - q**2 + q - 2. Let r be f(0). Let t be a(r). List the prime factors of l(t).
3, 7
Let f(b) = b**3 + 9*b**2 - 4*b + 6. Let n(p) = 2*p + 13. Let o be n(-11). List the prime factors of f(o).
2, 3, 7
What are the prime factors of -1*(-1 + 2) + (-22 - -2650)?
37, 71
Suppose -r + 33 = s, 86 = s + s - 2*r. Suppose -s = 2*v - 192. Let h = v + -31. List the prime factors of h.
2, 23
Let p(i) = 40*i + 56. Let m(v) = -1. Let l(o) = 3*m(o) - p(o). List the prime factors of l(-7).
13, 17
Suppose 7*s - 37216 = -8544. What are the prime factors of s?
2
Let g(i) = i**3 + 19*i**2 - 50*i + 45. List the prime factors of g(-21).
3, 71
Suppose -8*s + 8 = -10*s. Let q be ((-4)/s + -1)/(-2). Suppose 2*w - 3*f = -q*f + 103, -4*w = -3*f - 203. What are the prime factors of w?
2, 5
Suppose 5*k - 235 = 4*k. Suppose 9*v - k = 395. What are the prime factors of v?
2, 5, 7
Let o = -122 - -1055. List the prime factors of o.
3, 311
Suppose 0 = -2*a + 66 + 120. Suppose -w - 3*x + a = -55, 8 = 4*x. List the prime factors of w.
2, 71
Let d(w) be the third derivative of -11*w**7/5040 + w**6/360 - w**5/15 + 5*w**2. Let p(s) be the third derivative of d(s). What are the prime factors of p(-2)?
2, 3
Suppose -4*c + 41 = 5*o - 10, -3*c = 3*o - 36. Let j(p) = p**2 - 10*p + 9. Let k be j(c). Suppose k*a - 14 = -a. List the prime factors of a.
2, 7
Let u(f) be the second derivative of -f**5/10 + 2*f**4 + 5*f**3/6 - 5*f**2 - 6*f. List the prime factors of u(12).
2, 5
Let s(a) = 7*a + 49. Let b be s(-7). Suppose b = -12*m + 7*m + 185. List the prime factors of m.
37
Let y = 85 - 80. Suppose -o + 123 = 4*h, y*o - 589 + 84 = 2*h. List the prime factors of o.
103
Suppose -79 = -4*i + 3*f, -2 - 7 = i + 5*f. Let r = i - 24. List the prime factors of (-78 - r/4)/(-2).
2, 19
Let a(b) = b**3 - 5*b**2 + 4*b - 4. Let n be a(5). Suppose 0 = -i + 3*i - n. What are the prime factors of 18/i*(-24)/(-9)?
2, 3
Let x = 8 + -8. Suppose -v + x*v = -75. Let o = 112 - v. What are the prime factors of o?
37
Suppose 0*o + 442 = 2*o. Let g = -133 + o. List the prime factors of g.
2, 11
Let r(z) = -4*z**3 - z**2 + 20*z + 12. List the prime factors of r(-5).
3, 43
Suppose 4*k = 5*i - 3*i + 130, 0 = -k + i + 30. Suppose 3*u = q + 3*q - k, -2*u - 38 = -4*q. What are the prime factors of q?
11
Let o = 2091 - 330. List the prime factors of o.
3, 587
List the prime factors of 486/(-10)*15*3/(-9).
3
Let t = -2 - -9. Let q(y) = y**3 - 4*y**2 - 6*y - 3. Let n be q(t). Suppose -n = -3*w - 2*f, -5*f - 17 = -4*w + 3*w. What are the prime factors of w?
2
Suppose -x = 3*z - 69, 0 = -x + 9*z - 5*z + 62. Suppose 4*c = 8, -3*d + 31 = 2*d - 2*c. Suppose d*o = 9*o - x. List the prime factors of o.
3, 11
Let t = 302 + -207. List the prime factors of t.
5, 19
Let d(k) = -2734*k - 4. List the prime factors of d(-1).
2, 3, 5, 7, 13
Let i(d) = 284*d + 17. What are the prime factors of i(2)?
3, 5, 13
Suppose -37512 - 26688 = -24*d. What are the prime factors of d?
5, 107
Let c = 452 - 688. Let v = c + 390. List the prime factors of v.
2, 7, 11
Let z = -91 + 147. List the prime factors of (z/(-6))/((-16)/120).
2, 5, 7
Let s = 2023 - 668. List the prime factors of s.
5, 271
Let u = -56 - -262. Let x = u + -80. List the prime factors of x.
2, 3, 7
Let r = -23 + 32. Suppose -4*s + s + r = 0. What are the prime factors of (s/(-3) - -31) + -1?
29
Let o(b) = b + 1. Let l be o(0). Let a(f) = 46*f**3 - f + 1. List the prime factors of a(l).
2, 23
Let r(x) = -4*x - 6. Let a be r(0). What are the prime factors of 2 - (a/(-8) + 1118/(-8))?
3, 47
Suppose -4*p - 3*v = -15674, -3*p = v - 1120 - 10638. What are the prime factors of p?
2, 5, 7
Suppose -6*v - 79 - 29 = 0. Let m = v - -197. What are the prime factors of m?
179
Let w(k) = 2*k - 2. Let r be w(2). Suppose 0*z = z + r*v - 132, -5*v + 516 = 4*z. Suppose -4*t + z - 32 = 0. What are the prime factors of t?
23
Let t(c) = c**3 + 3*c**2 + 6*c - 6. Let h = 2 - -2. Let u be t(h). Suppose -5*d + 175 = -u. List the prime factors of d.
61
Suppose -3*k - 66 = 5*c - 10000, 0 = k - c - 3314. List the prime factors of k.
3313
Suppose v = 8 - 34. Let k = v + 17. Let b = k - -30. List the prime factors of b.
3, 7
Let l(j) = 6*j**2 - 8*j - 57. List the prime factors of l(15).
3, 17, 23
Let l(x) = 31*x - 133. What are the prime factors of l(8)?
5, 23
Let j(w) = -9 + 3*w**2 - 7 - 2*w + 9. List the prime factors of j(5).
2, 29
Let h(b) = -b**3 - 20*b**2 + 28*b - 14. List the prime factors of h(-22).
2, 13
Suppose -3 = 2*n - 47. Let w = -16 + 3. Let j = n + w. What are the prime factors of j?
3
Let p(t) = 5*t**2 - 12*t - 63. What are the prime factors of p(9)?
2, 3, 13
Suppose -m - 1049 = -2*x, 608 + 1495 = 4*x - m. What are the prime factors of x?
17, 31
Suppose -5*z + 3669 = -3*z - 5*x, -3*z + 4*x + 5521 = 0. What are the prime factors of z?
1847
Suppose 171*z = 168*z + 4503. List the prime factors of z.
19, 79
Let m(g) be the first derivative of g**6/60 + g**5/60 - 2*g**3/3 + 13*g**2/2 - 8. Let b(y) be the second derivative of m(y). What are the prime factors of b(3)?
59
Let a(m) = -635 + 659 + 3*m + 8*m**2 + 8*m**2 - m**3 + 0*m. What are the prime factors of a(16)?
2, 3
Let v = 6 + -1. Suppose -5*b + 5 = 4*w, 0 = -2*b + 2*w + 2*w + 2. Let u = v - b. List the prime factors of u.
2
Let l(f) = -2*f + 9. Let n(o) be the second derivative of o**3/6 - 2*o**2 - 5*o. Let y(w) = -2*l(w) - 5*n(w). What are the prime factors of y(-8)?
2, 5
Let r = 12 - 9. Suppose -2*x = -r*k - 5*x + 57, 2*x = -4. Let v = k - 10. What are the prime factors of v?
11
Suppose 0 = 3*p + 130 - 34. What are the prime factors of 693/22*(p/6)/(-4)?
2, 3, 7
Let u(x) = -x**3 + 8*x**2 + 12*x + 1. Let r be u(9). Let w = 40 - r. List the prime factors of w.
2, 3
Suppose -4*j = -3*a - 18, 2*j - 5*j + 17 = -4*a. Let g be a + 2 + -1 - -66. Suppose 0 = 2*r + t - 15, 5*r - 2*t - g = t. What are the prime factors of r?
2, 5
Let t(d) = -d**3 + 4*d**2 - 4*d + 9. Let a(r) = r**3 + r**2 - r. Let p(z) = 2*a(z) + t(z). Let o be p(-7). What are the prime